
61
Calculate the greatest common factor of 15747482 and 178.
178
Calculate the greatest common divisor of 234 and 175851.
117
What is the highest common divisor of 2445 and 6105?
15
What is the greatest common factor of 1760 and 495?
55
Calculate the greatest common divisor of 102 and 8394.
6
Calculate the highest common factor of 24495 and 6.
3
What is the highest common divisor of 315486 and 204?
102
What is the highest common factor of 37940 and 700?
140
Calculate the greatest common divisor of 336256 and 592.
592
Calculate the highest common divisor of 12204 and 43844.
452
Calculate the highest common factor of 33792 and 990.
66
What is the highest common factor of 3180 and 460?
20
Calculate the highest common factor of 150 and 663.
3
What is the highest common divisor of 88 and 16148?
44
Calculate the greatest common factor of 5142403 and 98.
49
Calculate the greatest common factor of 154636 and 1072.
268
Calculate the highest common divisor of 11949 and 89902.
569
What is the highest common divisor of 232068 and 6972?
996
What is the greatest common factor of 14319 and 36?
9
What is the highest common factor of 50908 and 275?
11
What is the greatest common divisor of 996 and 320546?
166
What is the greatest common factor of 1237629 and 61?
61
Calculate the greatest common divisor of 13 and 2092389.
13
Calculate the highest common factor of 913 and 498.
83
What is the greatest common divisor of 210 and 2508300?
30
What is the highest common divisor of 74307 and 846?
141
What is the highest common factor of 499576 and 352?
88
Calculate the greatest common divisor of 26880 and 3150.
210
What is the highest common divisor of 24800 and 18848?
992
What is the highest common factor of 99 and 31427?
11
Calculate the highest common factor of 1120816 and 144.
16
What is the greatest common factor of 4960 and 168?
8
Calculate the greatest common factor of 168 and 2524776.
24
What is the greatest common factor of 154 and 24970?
22
What is the highest common divisor of 16191 and 1415813?
1799
Calculate the greatest common divisor of 4865 and 665.
35
What is the highest common divisor of 8 and 59992?
8
Calculate the greatest common divisor of 1056 and 1632224.
352
What is the greatest common factor of 595 and 857871?
119
What is the highest common factor of 44 and 123088?
4
What is the greatest common factor of 1184183 and 26?
13
What is the greatest common divisor of 2762625 and 1125?
375
Calculate the greatest common divisor of 1900 and 50300.
100
Calculate the highest common divisor of 564 and 7908.
12
Calculate the greatest common divisor of 6231 and 1273.
67
Calculate the greatest common factor of 2724 and 267633.
681
What is the highest common divisor of 2093 and 208117?
91
Calculate the greatest common factor of 207 and 2064641.
23
Calculate the highest common divisor of 2264 and 19810.
566
What is the greatest common divisor of 5504 and 128?
128
Calculate the highest common divisor of 28 and 57106.
14
What is the greatest common divisor of 231176 and 6919?
407
What is the highest common factor of 183042 and 36?
18
Calculate the greatest common divisor of 39253 and 1513.
17
What is the greatest common factor of 98 and 9317?
7
What is the greatest common divisor of 16065 and 45?
45
What is the highest common factor of 108 and 32517?
9
What is the highest common divisor of 8790 and 9?
3
Calculate the highest common factor of 422733 and 6.
3
What is the highest common factor of 72 and 467028?
36
What is the greatest common divisor of 2 and 97852?
2
What is the highest common factor of 12506 and 442?
26
Calculate the highest common factor of 32446 and 2.
2
Calculate the greatest common factor of 750 and 42495.
15
Calculate the greatest common divisor of 76 and 38418.
38
What is the greatest common divisor of 192 and 4362?
6
Calculate the highest common divisor of 22977 and 897.
69
Calculate the greatest common divisor of 140873 and 5907.
179
Calculate the greatest common factor of 19 and 630857.
19
What is the highest common factor of 780 and 99775?
65
What is the greatest common factor of 754 and 751738?
754
What is the highest common factor of 648024 and 390?
78
What is the highest common divisor of 9 and 909?
9
Calculate the highest common factor of 150 and 7050.
150
What is the highest common divisor of 6357422 and 2588?
1294
Calculate the highest common factor of 108 and 3618.
54
What is the highest common divisor of 12920805 and 1305?
1305
Calculate the highest common factor of 24723 and 16113.
123
What is the greatest common divisor of 5124 and 6108?
12
Calculate the greatest common divisor of 21 and 12690573.
21
What is the highest common factor of 148 and 3132901?
37
Calculate the greatest common divisor of 1120224 and 8736.
672
Calculate the greatest common factor of 1421270 and 1244.
622
What is the highest common divisor of 4680 and 17640?
360
Calculate the greatest common factor of 5488 and 472.
8
What is the highest common divisor of 35 and 9364355?
35
Calculate the highest common factor of 46310 and 990.
110
Calculate the greatest common divisor of 19 and 2277169.
19
What is the greatest common factor of 2144 and 334732?
268
What is the greatest common divisor of 8214 and 11766?
222
Calculate the greatest common factor of 408336 and 1410.
282
Calculate the greatest common divisor of 165462 and 46.
46
What is the highest common factor of 2361500 and 125?
125
What is the highest common divisor of 346340 and 20?
20
What is the highest common factor of 1778864 and 2336?
1168
What is the greatest common factor of 1224 and 10638?
18
Calculate the highest common divisor of 210264 and 24.
24
Calculate the greatest common factor of 14629500 and 225.
225
Calculate the greatest common divisor of 54995 and 170.
85
Calculate the highest common factor of 10413 and 18.
9
What is the highest common divisor of 3585 and 956?
239
What is the highest common divisor of 30 and 5413090?
10
Calculate the highest common divisor of 128 and 34160.
16
What is the greatest common divisor of 5088 and 696?
24
What is the highest common divisor of 67983 and 86?
43
Calculate the highest common factor of 767424 and 16128.
1344
Calculate the highest common divisor of 2299 and 9443.
19
What is the highest common factor of 1380340 and 195?
65
Calculate the highest common divisor of 12478 and 3536.
34
Calculate the greatest common divisor of 77 and 1883607.
11
Calculate the greatest common factor of 17 and 170153.
17
What is the highest common divisor of 315 and 5885145?
315
What is the highest common divisor of 6492 and 64?
4
Calculate the greatest common factor of 2238 and 1151451.
1119
What is the highest common factor of 1567841 and 92?
23
What is the highest common divisor of 2512 and 1009196?
628
Calculate the greatest common divisor of 73192 and 2464.
56
What is the greatest common divisor of 65 and 38935?
65
What is the greatest common factor of 16764 and 9271?
127
What is the greatest common factor of 528 and 67272?
24
Calculate the greatest common factor of 27 and 16512.
3
What is the highest common factor of 8413 and 19153?
179
Calculate the greatest common factor of 4277 and 660303.
329
What is the greatest common divisor of 15473916 and 1172?
1172
Calculate the highest common divisor of 11 and 15869.
1
Calculate the greatest common factor of 2711630 and 20.
10
Calculate the greatest common factor of 19458 and 40158.
414
Calculate the highest common divisor of 3465 and 1984815.
315
Calculate the greatest common factor of 750440 and 146.
146
What is the highest common divisor of 6 and 24594?
6
Calculate the greatest common divisor of 6120 and 984.
24
Calculate the greatest common factor of 423269 and 161.
161
Calculate the greatest common factor of 18951 and 3.
3
Calculate the highest common factor of 772 and 6152.
4
Calculate the greatest common factor of 15 and 13445.
5
What is the greatest common divisor of 490 and 2984590?
490
Calculate the highest common divisor of 135256 and 580.
116
What is the greatest common factor of 1050 and 6110?
10
Calculate the highest common factor of 1292 and 2299.
19
What is the highest common factor of 200424 and 231?
21
Calculate the greatest common factor of 12581 and 115.
23
What is the highest common divisor of 1507